{"id":674,"date":"2020-06-08T14:29:50","date_gmt":"2020-06-08T12:29:50","guid":{"rendered":"http:\/\/flokfw.pl\/?page_id=674"},"modified":"2020-06-10T18:57:06","modified_gmt":"2020-06-10T16:57:06","slug":"uslugi-flokowania","status":"publish","type":"page","link":"https:\/\/www.flokfw.pl\/?page_id=674","title":{"rendered":"FLOKOWANIE"},"content":{"rendered":"\n<p>Je\u015bli nie chc\u0105 Pa\u0144stwo samodzielnie podj\u0105\u0107 si\u0119 flokowania wyrob\u00f3w, kt\u00f3re chc\u0105 Pa\u0144stwo sprzedawa\u0107, w ka\u017cdej chwili mog\u0105 Pa\u0144stwo zleci\u0107 nam takie flokowanie. Ceny ustalane s\u0105 indywidualnie w zale\u017cno\u015bci od rodzaju i ilo\u015bci flokowanych p\u00f3\u0142produkt\u00f3w.<br>Jako specjali\u015bci w bran\u017cy posiadamy szerokie do\u015bwiadczenie we flokowaniu przer\u00f3\u017cnych powierzchni o r\u00f3\u017cnych, r\u00f3wnie\u017c nietypowych kszta\u0142tach i gabarytach.<\/p>\n\n\n\n<p><\/p>\n","protected":false},"excerpt":{"rendered":"<div class=\"entry-summary\">\nJe\u015bli nie chc\u0105 Pa\u0144stwo samodzielnie podj\u0105\u0107 si\u0119 flokowania wyrob\u00f3w, kt\u00f3re chc\u0105 Pa\u0144stwo sprzedawa\u0107, w ka\u017cdej chwili mog\u0105 Pa\u0144stwo zleci\u0107 nam&hellip;\n<\/div>\n<div class=\"link-more\"><a href=\"https:\/\/www.flokfw.pl\/?page_id=674\" class=\"more-link\">Continue reading<span class=\"screen-reader-text\"> &ldquo;FLOKOWANIE&rdquo;<\/span>&hellip;<\/a><\/div>\n","protected":false},"author":1,"featured_media":862,"parent":0,"menu_order":0,"comment_status":"closed","ping_status":"closed","template":"","meta":{"_acf_changed":false,"footnotes":""},"class_list":["post-674","page","type-page","status-publish","has-post-thumbnail","hentry","entry"],"acf":[],"jetpack_sharing_enabled":true,"_links":{"self":[{"href":"https:\/\/www.flokfw.pl\/index.php?rest_route=\/wp\/v2\/pages\/674","targetHints":{"allow":["GET"]}}],"collection":[{"href":"https:\/\/www.flokfw.pl\/index.php?rest_route=\/wp\/v2\/pages"}],"about":[{"href":"https:\/\/www.flokfw.pl\/index.php?rest_route=\/wp\/v2\/types\/page"}],"author":[{"embeddable":true,"href":"https:\/\/www.flokfw.pl\/index.php?rest_route=\/wp\/v2\/users\/1"}],"replies":[{"embeddable":true,"href":"https:\/\/www.flokfw.pl\/index.php?rest_route=%2Fwp%2Fv2%2Fcomments&post=674"}],"version-history":[{"count":4,"href":"https:\/\/www.flokfw.pl\/index.php?rest_route=\/wp\/v2\/pages\/674\/revisions"}],"predecessor-version":[{"id":941,"href":"https:\/\/www.flokfw.pl\/index.php?rest_route=\/wp\/v2\/pages\/674\/revisions\/941"}],"wp:featuredmedia":[{"embeddable":true,"href":"https:\/\/www.flokfw.pl\/index.php?rest_route=\/wp\/v2\/media\/862"}],"wp:attachment":[{"href":"https:\/\/www.flokfw.pl\/index.php?rest_route=%2Fwp%2Fv2%2Fmedia&parent=674"}],"curies":[{"name":"wp","href":"https:\/\/api.w.org\/{rel}","templated":true}]}}