{"id":681,"date":"2020-06-08T15:06:05","date_gmt":"2020-06-08T13:06:05","guid":{"rendered":"http:\/\/flokfw.pl\/?page_id=681"},"modified":"2020-06-24T15:06:32","modified_gmt":"2020-06-24T13:06:32","slug":"flok-wiskozowy","status":"publish","type":"page","link":"https:\/\/www.flokfw.pl\/?page_id=681","title":{"rendered":"FLOK WISKOZOWY"},"content":{"rendered":"\n<p>W\u0142\u00f3kno wiskozowe jest sztucznym w\u0142\u00f3knem pozyskiwanym z celulozy drzewnej w drodze obr\u00f3bki chemicznej. Flok produkowany z wiskozy r\u00f3wnie\u017c mo\u017ce by\u0107 matowy lub b\u0142yszcz\u0105cy, a poflokowana powierzchnia mo\u017ce w dotyku przypomina\u0107 zamsz lub aksamit (w zale\u017cno\u015bci od d\u0142ugo\u015bci zastosowanego w\u0142\u00f3kna). Flok wiskozowy jest do\u015b\u0107 odporny na tarcie, ale nie jest tak wytrzyma\u0142y jak flok poliamidowy.<\/p>\n\n\n\n<p>Flok wiskozowy pozyska\u0107 mo\u017cna dwojako: poprzez ci\u0119cie w\u0142\u00f3kna wiskozowego lub w procesie mielenia. W naszej firmie oferujemy flok wiskozowy, kt\u00f3ry wcze\u015bniej poci\u0119li\u015bmy w naszym zak\u0142adzie. Dzi\u0119ki swojemu pochodzeniu, flok wiskozowy jest biodegradowalny.<\/p>\n\n\n\n<p>Wzornik kolor\u00f3w oferowanego floku dost\u0119pny jest <a href=\"https:\/\/flokfw.pl\/?page_id=1059\">TUTAJ<\/a><\/p>\n\n\n\n<div class=\"wp-block-jetpack-tiled-gallery aligncenter is-style-rectangular\"><div class=\"tiled-gallery__gallery\"><div class=\"tiled-gallery__row\"><div class=\"tiled-gallery__col\"><figure class=\"tiled-gallery__item\"><img decoding=\"async\" srcset=\"https:\/\/i2.wp.com\/flokfw.pl\/wp-content\/uploads\/2020\/06\/flok_opak_12.jpg?strip=info&#038;w=600 600w,https:\/\/i2.wp.com\/flokfw.pl\/wp-content\/uploads\/2020\/06\/flok_opak_12.jpg?strip=info&#038;w=900 900w,https:\/\/i2.wp.com\/flokfw.pl\/wp-content\/uploads\/2020\/06\/flok_opak_12.jpg?strip=info&#038;w=1200 1200w,https:\/\/i2.wp.com\/flokfw.pl\/wp-content\/uploads\/2020\/06\/flok_opak_12.jpg?strip=info&#038;w=1500 1500w,https:\/\/i2.wp.com\/flokfw.pl\/wp-content\/uploads\/2020\/06\/flok_opak_12.jpg?strip=info&#038;w=1800 1800w,https:\/\/i2.wp.com\/flokfw.pl\/wp-content\/uploads\/2020\/06\/flok_opak_12.jpg?strip=info&#038;w=1920 1920w\" alt=\"\" data-height=\"1080\" data-id=\"864\" data-link=\"http:\/\/flokfw.pl\/flok_opak_12\/\" data-url=\"http:\/\/flokfw.pl\/wp-content\/uploads\/2020\/06\/flok_opak_12.jpg\" data-width=\"1920\" src=\"https:\/\/i2.wp.com\/flokfw.pl\/wp-content\/uploads\/2020\/06\/flok_opak_12.jpg\"\/><\/figure><\/div><div class=\"tiled-gallery__col\"><figure class=\"tiled-gallery__item\"><img decoding=\"async\" srcset=\"https:\/\/i2.wp.com\/flokfw.pl\/wp-content\/uploads\/2020\/06\/flok_opak_02.jpg?strip=info&#038;w=600 600w,https:\/\/i2.wp.com\/flokfw.pl\/wp-content\/uploads\/2020\/06\/flok_opak_02.jpg?strip=info&#038;w=900 900w,https:\/\/i2.wp.com\/flokfw.pl\/wp-content\/uploads\/2020\/06\/flok_opak_02.jpg?strip=info&#038;w=1200 1200w,https:\/\/i2.wp.com\/flokfw.pl\/wp-content\/uploads\/2020\/06\/flok_opak_02.jpg?strip=info&#038;w=1500 1500w,https:\/\/i2.wp.com\/flokfw.pl\/wp-content\/uploads\/2020\/06\/flok_opak_02.jpg?strip=info&#038;w=1800 1800w,https:\/\/i2.wp.com\/flokfw.pl\/wp-content\/uploads\/2020\/06\/flok_opak_02.jpg?strip=info&#038;w=1920 1920w\" alt=\"\" data-height=\"1080\" data-id=\"854\" data-link=\"http:\/\/flokfw.pl\/flok_opak_02\/\" data-url=\"http:\/\/flokfw.pl\/wp-content\/uploads\/2020\/06\/flok_opak_02.jpg\" data-width=\"1920\" src=\"https:\/\/i2.wp.com\/flokfw.pl\/wp-content\/uploads\/2020\/06\/flok_opak_02.jpg\"\/><\/figure><\/div><\/div><div class=\"tiled-gallery__row\"><div class=\"tiled-gallery__col\"><figure class=\"tiled-gallery__item\"><img decoding=\"async\" srcset=\"https:\/\/i2.wp.com\/flokfw.pl\/wp-content\/uploads\/2020\/06\/flok_opak_01.jpg?strip=info&#038;w=600 600w,https:\/\/i2.wp.com\/flokfw.pl\/wp-content\/uploads\/2020\/06\/flok_opak_01.jpg?strip=info&#038;w=900 900w,https:\/\/i2.wp.com\/flokfw.pl\/wp-content\/uploads\/2020\/06\/flok_opak_01.jpg?strip=info&#038;w=1200 1200w,https:\/\/i2.wp.com\/flokfw.pl\/wp-content\/uploads\/2020\/06\/flok_opak_01.jpg?strip=info&#038;w=1500 1500w,https:\/\/i2.wp.com\/flokfw.pl\/wp-content\/uploads\/2020\/06\/flok_opak_01.jpg?strip=info&#038;w=1800 1800w,https:\/\/i2.wp.com\/flokfw.pl\/wp-content\/uploads\/2020\/06\/flok_opak_01.jpg?strip=info&#038;w=1920 1920w\" alt=\"\" data-height=\"1080\" data-id=\"853\" data-link=\"http:\/\/flokfw.pl\/flok_opak_01\/\" data-url=\"http:\/\/flokfw.pl\/wp-content\/uploads\/2020\/06\/flok_opak_01.jpg\" data-width=\"1920\" src=\"https:\/\/i2.wp.com\/flokfw.pl\/wp-content\/uploads\/2020\/06\/flok_opak_01.jpg\"\/><\/figure><\/div><div class=\"tiled-gallery__col\"><figure class=\"tiled-gallery__item\"><img decoding=\"async\" srcset=\"https:\/\/i0.wp.com\/flokfw.pl\/wp-content\/uploads\/2020\/06\/flok_opak_06.jpg?strip=info&#038;w=600 600w,https:\/\/i0.wp.com\/flokfw.pl\/wp-content\/uploads\/2020\/06\/flok_opak_06.jpg?strip=info&#038;w=900 900w,https:\/\/i0.wp.com\/flokfw.pl\/wp-content\/uploads\/2020\/06\/flok_opak_06.jpg?strip=info&#038;w=1200 1200w,https:\/\/i0.wp.com\/flokfw.pl\/wp-content\/uploads\/2020\/06\/flok_opak_06.jpg?strip=info&#038;w=1500 1500w,https:\/\/i0.wp.com\/flokfw.pl\/wp-content\/uploads\/2020\/06\/flok_opak_06.jpg?strip=info&#038;w=1800 1800w,https:\/\/i0.wp.com\/flokfw.pl\/wp-content\/uploads\/2020\/06\/flok_opak_06.jpg?strip=info&#038;w=1920 1920w\" alt=\"\" data-height=\"1080\" data-id=\"858\" data-link=\"http:\/\/flokfw.pl\/flok_opak_06\/\" data-url=\"http:\/\/flokfw.pl\/wp-content\/uploads\/2020\/06\/flok_opak_06.jpg\" data-width=\"1920\" src=\"https:\/\/i0.wp.com\/flokfw.pl\/wp-content\/uploads\/2020\/06\/flok_opak_06.jpg\"\/><\/figure><\/div><div class=\"tiled-gallery__col\"><figure class=\"tiled-gallery__item\"><img decoding=\"async\" srcset=\"https:\/\/i2.wp.com\/flokfw.pl\/wp-content\/uploads\/2020\/06\/flok_opak_03.jpg?strip=info&#038;w=600 600w,https:\/\/i2.wp.com\/flokfw.pl\/wp-content\/uploads\/2020\/06\/flok_opak_03.jpg?strip=info&#038;w=900 900w,https:\/\/i2.wp.com\/flokfw.pl\/wp-content\/uploads\/2020\/06\/flok_opak_03.jpg?strip=info&#038;w=1200 1200w,https:\/\/i2.wp.com\/flokfw.pl\/wp-content\/uploads\/2020\/06\/flok_opak_03.jpg?strip=info&#038;w=1500 1500w,https:\/\/i2.wp.com\/flokfw.pl\/wp-content\/uploads\/2020\/06\/flok_opak_03.jpg?strip=info&#038;w=1800 1800w,https:\/\/i2.wp.com\/flokfw.pl\/wp-content\/uploads\/2020\/06\/flok_opak_03.jpg?strip=info&#038;w=1920 1920w\" alt=\"\" data-height=\"1080\" data-id=\"855\" data-link=\"http:\/\/flokfw.pl\/flok_opak_03\/\" data-url=\"http:\/\/flokfw.pl\/wp-content\/uploads\/2020\/06\/flok_opak_03.jpg\" data-width=\"1920\" src=\"https:\/\/i2.wp.com\/flokfw.pl\/wp-content\/uploads\/2020\/06\/flok_opak_03.jpg\"\/><\/figure><\/div><\/div><\/div><\/div>\n","protected":false},"excerpt":{"rendered":"<div class=\"entry-summary\">\nW\u0142\u00f3kno wiskozowe jest sztucznym w\u0142\u00f3knem pozyskiwanym z celulozy drzewnej w drodze obr\u00f3bki chemicznej. Flok produkowany z wiskozy r\u00f3wnie\u017c mo\u017ce by\u0107&hellip;\n<\/div>\n<div class=\"link-more\"><a href=\"https:\/\/www.flokfw.pl\/?page_id=681\" class=\"more-link\">Continue reading<span class=\"screen-reader-text\"> &ldquo;FLOK WISKOZOWY&rdquo;<\/span>&hellip;<\/a><\/div>\n","protected":false},"author":1,"featured_media":528,"parent":0,"menu_order":0,"comment_status":"closed","ping_status":"closed","template":"","meta":{"_acf_changed":false,"footnotes":""},"class_list":["post-681","page","type-page","status-publish","has-post-thumbnail","hentry","entry","is-featured"],"acf":[],"jetpack_sharing_enabled":true,"_links":{"self":[{"href":"https:\/\/www.flokfw.pl\/index.php?rest_route=\/wp\/v2\/pages\/681","targetHints":{"allow":["GET"]}}],"collection":[{"href":"https:\/\/www.flokfw.pl\/index.php?rest_route=\/wp\/v2\/pages"}],"about":[{"href":"https:\/\/www.flokfw.pl\/index.php?rest_route=\/wp\/v2\/types\/page"}],"author":[{"embeddable":true,"href":"https:\/\/www.flokfw.pl\/index.php?rest_route=\/wp\/v2\/users\/1"}],"replies":[{"embeddable":true,"href":"https:\/\/www.flokfw.pl\/index.php?rest_route=%2Fwp%2Fv2%2Fcomments&post=681"}],"version-history":[{"count":5,"href":"https:\/\/www.flokfw.pl\/index.php?rest_route=\/wp\/v2\/pages\/681\/revisions"}],"predecessor-version":[{"id":1123,"href":"https:\/\/www.flokfw.pl\/index.php?rest_route=\/wp\/v2\/pages\/681\/revisions\/1123"}],"wp:featuredmedia":[{"embeddable":true,"href":"https:\/\/www.flokfw.pl\/index.php?rest_route=\/wp\/v2\/media\/528"}],"wp:attachment":[{"href":"https:\/\/www.flokfw.pl\/index.php?rest_route=%2Fwp%2Fv2%2Fmedia&parent=681"}],"curies":[{"name":"wp","href":"https:\/\/api.w.org\/{rel}","templated":true}]}}