{"id":696,"date":"2020-06-08T15:14:59","date_gmt":"2020-06-08T13:14:59","guid":{"rendered":"http:\/\/flokfw.pl\/?page_id=696"},"modified":"2020-06-16T20:19:04","modified_gmt":"2020-06-16T18:19:04","slug":"kleje-do-flokowania","status":"publish","type":"page","link":"https:\/\/www.flokfw.pl\/?page_id=696","title":{"rendered":"KLEJE DO FLOKOWANIA"},"content":{"rendered":"\n<p>Najcz\u0119\u015bciej u\u017cywanymi klejami do flokowania, s\u0105 kleje poliuretanowe (PU), jedno lub dwusk\u0142adnikowe oraz kleje wodorozpuszczalne (dyspersje wodne), kt\u00f3re dziel\u0105 si\u0119 na podgrupy w zale\u017cno\u015bci od bazy na kt\u00f3rej s\u0105 oparte. <\/p>\n\n\n\n<figure class=\"wp-block-image\"><a href=\"..\/?page_id=700\"><img loading=\"lazy\" decoding=\"async\" width=\"640\" height=\"428\" src=\"http:\/\/flokfw.pl\/wp-content\/uploads\/2020\/06\/kleje_02.jpg\" alt=\"\" class=\"wp-image-665\" srcset=\"https:\/\/www.flokfw.pl\/wp-content\/uploads\/2020\/06\/kleje_02.jpg 640w, https:\/\/www.flokfw.pl\/wp-content\/uploads\/2020\/06\/kleje_02-420x281.jpg 420w\" sizes=\"auto, (max-width: 640px) 100vw, 640px\" \/><\/a><figcaption><strong><em>KLEJE POLIURETANOWE<\/em><\/strong><\/figcaption><\/figure>\n\n\n\n<figure class=\"wp-block-image\"><a href=\"..\/?page_id=702\"><img loading=\"lazy\" decoding=\"async\" width=\"640\" height=\"428\" src=\"http:\/\/flokfw.pl\/wp-content\/uploads\/2020\/06\/kleje_03.jpg\" alt=\"\" class=\"wp-image-666\" srcset=\"https:\/\/www.flokfw.pl\/wp-content\/uploads\/2020\/06\/kleje_03.jpg 640w, https:\/\/www.flokfw.pl\/wp-content\/uploads\/2020\/06\/kleje_03-420x281.jpg 420w\" sizes=\"auto, (max-width: 640px) 100vw, 640px\" \/><\/a><figcaption><strong><em>KLEJE DYSPERSYJNE<\/em><\/strong><\/figcaption><\/figure>\n","protected":false},"excerpt":{"rendered":"<div class=\"entry-summary\">\nNajcz\u0119\u015bciej u\u017cywanymi klejami do flokowania, s\u0105 kleje poliuretanowe (PU), jedno lub dwusk\u0142adnikowe oraz kleje wodorozpuszczalne (dyspersje wodne), kt\u00f3re dziel\u0105 si\u0119&hellip;\n<\/div>\n<div class=\"link-more\"><a href=\"https:\/\/www.flokfw.pl\/?page_id=696\" class=\"more-link\">Continue reading<span class=\"screen-reader-text\"> &ldquo;KLEJE DO FLOKOWANIA&rdquo;<\/span>&hellip;<\/a><\/div>\n","protected":false},"author":1,"featured_media":666,"parent":0,"menu_order":0,"comment_status":"closed","ping_status":"closed","template":"","meta":{"_acf_changed":false,"footnotes":""},"class_list":["post-696","page","type-page","status-publish","has-post-thumbnail","hentry","entry"],"acf":[],"jetpack_sharing_enabled":true,"_links":{"self":[{"href":"https:\/\/www.flokfw.pl\/index.php?rest_route=\/wp\/v2\/pages\/696","targetHints":{"allow":["GET"]}}],"collection":[{"href":"https:\/\/www.flokfw.pl\/index.php?rest_route=\/wp\/v2\/pages"}],"about":[{"href":"https:\/\/www.flokfw.pl\/index.php?rest_route=\/wp\/v2\/types\/page"}],"author":[{"embeddable":true,"href":"https:\/\/www.flokfw.pl\/index.php?rest_route=\/wp\/v2\/users\/1"}],"replies":[{"embeddable":true,"href":"https:\/\/www.flokfw.pl\/index.php?rest_route=%2Fwp%2Fv2%2Fcomments&post=696"}],"version-history":[{"count":8,"href":"https:\/\/www.flokfw.pl\/index.php?rest_route=\/wp\/v2\/pages\/696\/revisions"}],"predecessor-version":[{"id":1072,"href":"https:\/\/www.flokfw.pl\/index.php?rest_route=\/wp\/v2\/pages\/696\/revisions\/1072"}],"wp:featuredmedia":[{"embeddable":true,"href":"https:\/\/www.flokfw.pl\/index.php?rest_route=\/wp\/v2\/media\/666"}],"wp:attachment":[{"href":"https:\/\/www.flokfw.pl\/index.php?rest_route=%2Fwp%2Fv2%2Fmedia&parent=696"}],"curies":[{"name":"wp","href":"https:\/\/api.w.org\/{rel}","templated":true}]}}