{"id":724,"date":"2020-06-08T16:48:59","date_gmt":"2020-06-08T14:48:59","guid":{"rendered":"http:\/\/flokfw.pl\/?page_id=724"},"modified":"2020-06-24T15:07:27","modified_gmt":"2020-06-24T13:07:27","slug":"uslugi-sprzedaz-floku","status":"publish","type":"page","link":"https:\/\/www.flokfw.pl\/?page_id=724","title":{"rendered":"SPRZEDA\u017b FLOKU"},"content":{"rendered":"\n<p><\/p>\n\n\n\n<p> Jako oficjalny dystrybutor jednej z czo\u0142owych firm produkuj\u0105cych flok, oferujemy Pa\u0144stwu flok poliamidowy i bawe\u0142niany najwy\u017cszej jako\u015bci. <br><br>Oferujemy r\u00f3wnie\u017c flok wiskozowy w\u0142asnej produkcji w szerokiej gamie kolor\u00f3w standardowych wraz z mo\u017cliwo\u015bci\u0105 wyprodukowania floku pod pr\u00f3bk\u0119 (wz\u00f3r koloru) dostarczon\u0105 przez klienta, przy okre\u015blonym technologicznie minimum zam\u00f3wienia.<\/p>\n\n\n\n<p>Wzornik kolor\u00f3w oferowanego floku dost\u0119pny jest <a href=\"https:\/\/flokfw.pl\/?page_id=1059\">TUTAJ<\/a><\/p>\n","protected":false},"excerpt":{"rendered":"<div class=\"entry-summary\">\nJako oficjalny dystrybutor jednej z czo\u0142owych firm produkuj\u0105cych flok, oferujemy Pa\u0144stwu flok poliamidowy i bawe\u0142niany najwy\u017cszej jako\u015bci. Oferujemy r\u00f3wnie\u017c flok&hellip;\n<\/div>\n<div class=\"link-more\"><a href=\"https:\/\/www.flokfw.pl\/?page_id=724\" class=\"more-link\">Continue reading<span class=\"screen-reader-text\"> &ldquo;SPRZEDA\u017b FLOKU&rdquo;<\/span>&hellip;<\/a><\/div>\n","protected":false},"author":1,"featured_media":1024,"parent":0,"menu_order":0,"comment_status":"closed","ping_status":"closed","template":"","meta":{"_acf_changed":false,"footnotes":""},"class_list":["post-724","page","type-page","status-publish","has-post-thumbnail","hentry","entry"],"acf":[],"jetpack_sharing_enabled":true,"_links":{"self":[{"href":"https:\/\/www.flokfw.pl\/index.php?rest_route=\/wp\/v2\/pages\/724","targetHints":{"allow":["GET"]}}],"collection":[{"href":"https:\/\/www.flokfw.pl\/index.php?rest_route=\/wp\/v2\/pages"}],"about":[{"href":"https:\/\/www.flokfw.pl\/index.php?rest_route=\/wp\/v2\/types\/page"}],"author":[{"embeddable":true,"href":"https:\/\/www.flokfw.pl\/index.php?rest_route=\/wp\/v2\/users\/1"}],"replies":[{"embeddable":true,"href":"https:\/\/www.flokfw.pl\/index.php?rest_route=%2Fwp%2Fv2%2Fcomments&post=724"}],"version-history":[{"count":10,"href":"https:\/\/www.flokfw.pl\/index.php?rest_route=\/wp\/v2\/pages\/724\/revisions"}],"predecessor-version":[{"id":1125,"href":"https:\/\/www.flokfw.pl\/index.php?rest_route=\/wp\/v2\/pages\/724\/revisions\/1125"}],"wp:featuredmedia":[{"embeddable":true,"href":"https:\/\/www.flokfw.pl\/index.php?rest_route=\/wp\/v2\/media\/1024"}],"wp:attachment":[{"href":"https:\/\/www.flokfw.pl\/index.php?rest_route=%2Fwp%2Fv2%2Fmedia&parent=724"}],"curies":[{"name":"wp","href":"https:\/\/api.w.org\/{rel}","templated":true}]}}