{"id":730,"date":"2020-06-08T16:58:24","date_gmt":"2020-06-08T14:58:24","guid":{"rendered":"http:\/\/flokfw.pl\/?page_id=730"},"modified":"2020-06-10T19:34:24","modified_gmt":"2020-06-10T17:34:24","slug":"uslugi-pianka-gabka","status":"publish","type":"page","link":"https:\/\/www.flokfw.pl\/?page_id=730","title":{"rendered":"PIANKA \/ G\u0104BKA"},"content":{"rendered":"\n<p>Oferujemy kompleksowe wytwarzanie element\u00f3w z r\u00f3\u017cnych typ\u00f3w g\u0105bki\/pianki, wraz z jej ci\u0119ciem i flokowaniem. Mamy mo\u017cliwo\u015b\u0107 ci\u0119cia laserem CO<sub>2<\/sub> oraz sztancowania. <br>Zwykle s\u0105 to r\u00f3\u017cnego rodzaju flokowane wk\u0142ady do pude\u0142ek, szuflad i inne. Szczeg\u00f3\u0142y techniczne i dost\u0119pno\u015b\u0107 okre\u015blonych typ\u00f3w g\u0105bki do indywidualnego ustalenia z klientem.<\/p>\n\n\n\n<div class=\"wp-block-jetpack-tiled-gallery aligncenter is-style-rectangular\"><div class=\"tiled-gallery__gallery\"><div class=\"tiled-gallery__row\"><div class=\"tiled-gallery__col\"><figure class=\"tiled-gallery__item\"><img decoding=\"async\" srcset=\"http:\/\/flokfw.pl\/wp-content\/uploads\/2020\/06\/flok_panel_06.jpg?strip=info&#038;w=600 600w,http:\/\/flokfw.pl\/wp-content\/uploads\/2020\/06\/flok_panel_06.jpg?strip=info&#038;w=900 900w,http:\/\/flokfw.pl\/wp-content\/uploads\/2020\/06\/flok_panel_06.jpg?strip=info&#038;w=1200 1200w,http:\/\/flokfw.pl\/wp-content\/uploads\/2020\/06\/flok_panel_06.jpg?strip=info&#038;w=1500 1500w,http:\/\/flokfw.pl\/wp-content\/uploads\/2020\/06\/flok_panel_06.jpg?strip=info&#038;w=1800 1800w,http:\/\/flokfw.pl\/wp-content\/uploads\/2020\/06\/flok_panel_06.jpg?strip=info&#038;w=1920 1920w\" alt=\"\" data-height=\"1181\" data-id=\"910\" data-link=\"http:\/\/flokfw.pl\/flok\/flok_panel_06\/\" data-url=\"http:\/\/flokfw.pl\/wp-content\/uploads\/2020\/06\/flok_panel_06.jpg\" data-width=\"1920\" src=\"http:\/\/flokfw.pl\/wp-content\/uploads\/2020\/06\/flok_panel_06.jpg\"\/><\/figure><figure class=\"tiled-gallery__item\"><img decoding=\"async\" srcset=\"http:\/\/flokfw.pl\/wp-content\/uploads\/2020\/06\/flok_sztanca_01.jpg?strip=info&#038;w=600 600w,http:\/\/flokfw.pl\/wp-content\/uploads\/2020\/06\/flok_sztanca_01.jpg?strip=info&#038;w=900 900w,http:\/\/flokfw.pl\/wp-content\/uploads\/2020\/06\/flok_sztanca_01.jpg?strip=info&#038;w=1200 1200w,http:\/\/flokfw.pl\/wp-content\/uploads\/2020\/06\/flok_sztanca_01.jpg?strip=info&#038;w=1500 1500w,http:\/\/flokfw.pl\/wp-content\/uploads\/2020\/06\/flok_sztanca_01.jpg?strip=info&#038;w=1800 1800w,http:\/\/flokfw.pl\/wp-content\/uploads\/2020\/06\/flok_sztanca_01.jpg?strip=info&#038;w=1920 1920w\" alt=\"\" data-height=\"1080\" data-id=\"904\" data-link=\"http:\/\/flokfw.pl\/flok\/flok_sztanca_01\/\" data-url=\"http:\/\/flokfw.pl\/wp-content\/uploads\/2020\/06\/flok_sztanca_01.jpg\" data-width=\"1920\" src=\"http:\/\/flokfw.pl\/wp-content\/uploads\/2020\/06\/flok_sztanca_01.jpg\"\/><\/figure><figure class=\"tiled-gallery__item\"><img decoding=\"async\" srcset=\"http:\/\/flokfw.pl\/wp-content\/uploads\/2020\/06\/flok_opak_13.jpg?strip=info&#038;w=600 600w,http:\/\/flokfw.pl\/wp-content\/uploads\/2020\/06\/flok_opak_13.jpg?strip=info&#038;w=900 900w,http:\/\/flokfw.pl\/wp-content\/uploads\/2020\/06\/flok_opak_13.jpg?strip=info&#038;w=1200 1200w,http:\/\/flokfw.pl\/wp-content\/uploads\/2020\/06\/flok_opak_13.jpg?strip=info&#038;w=1500 1500w,http:\/\/flokfw.pl\/wp-content\/uploads\/2020\/06\/flok_opak_13.jpg?strip=info&#038;w=1800 1800w,http:\/\/flokfw.pl\/wp-content\/uploads\/2020\/06\/flok_opak_13.jpg?strip=info&#038;w=1920 1920w\" alt=\"\" data-height=\"1080\" data-id=\"901\" data-link=\"http:\/\/flokfw.pl\/flok\/flok_opak_13\/\" data-url=\"http:\/\/flokfw.pl\/wp-content\/uploads\/2020\/06\/flok_opak_13.jpg\" data-width=\"1920\" src=\"http:\/\/flokfw.pl\/wp-content\/uploads\/2020\/06\/flok_opak_13.jpg\"\/><\/figure><\/div><div class=\"tiled-gallery__col\"><figure class=\"tiled-gallery__item\"><img decoding=\"async\" srcset=\"http:\/\/flokfw.pl\/wp-content\/uploads\/2020\/06\/flok_opak_09.jpg?strip=info&#038;w=600 600w,http:\/\/flokfw.pl\/wp-content\/uploads\/2020\/06\/flok_opak_09.jpg?strip=info&#038;w=900 900w,http:\/\/flokfw.pl\/wp-content\/uploads\/2020\/06\/flok_opak_09.jpg?strip=info&#038;w=1080 1080w\" alt=\"\" data-height=\"1920\" data-id=\"861\" data-link=\"http:\/\/flokfw.pl\/flok_opak_09\/\" data-url=\"http:\/\/flokfw.pl\/wp-content\/uploads\/2020\/06\/flok_opak_09.jpg\" data-width=\"1080\" src=\"http:\/\/flokfw.pl\/wp-content\/uploads\/2020\/06\/flok_opak_09.jpg\"\/><\/figure><\/div><\/div><div class=\"tiled-gallery__row\"><div class=\"tiled-gallery__col\"><figure class=\"tiled-gallery__item\"><img decoding=\"async\" srcset=\"http:\/\/flokfw.pl\/wp-content\/uploads\/2020\/06\/flok_opak_08.jpg?strip=info&#038;w=600 600w,http:\/\/flokfw.pl\/wp-content\/uploads\/2020\/06\/flok_opak_08.jpg?strip=info&#038;w=900 900w,http:\/\/flokfw.pl\/wp-content\/uploads\/2020\/06\/flok_opak_08.jpg?strip=info&#038;w=1200 1200w,http:\/\/flokfw.pl\/wp-content\/uploads\/2020\/06\/flok_opak_08.jpg?strip=info&#038;w=1500 1500w,http:\/\/flokfw.pl\/wp-content\/uploads\/2020\/06\/flok_opak_08.jpg?strip=info&#038;w=1800 1800w,http:\/\/flokfw.pl\/wp-content\/uploads\/2020\/06\/flok_opak_08.jpg?strip=info&#038;w=1920 1920w\" alt=\"\" data-height=\"1080\" data-id=\"860\" data-link=\"http:\/\/flokfw.pl\/flok_opak_08\/\" data-url=\"http:\/\/flokfw.pl\/wp-content\/uploads\/2020\/06\/flok_opak_08.jpg\" data-width=\"1920\" src=\"http:\/\/flokfw.pl\/wp-content\/uploads\/2020\/06\/flok_opak_08.jpg\"\/><\/figure><\/div><div class=\"tiled-gallery__col\"><figure class=\"tiled-gallery__item\"><img decoding=\"async\" srcset=\"http:\/\/flokfw.pl\/wp-content\/uploads\/2020\/06\/flok_opak_07.jpg?strip=info&#038;w=600 600w,http:\/\/flokfw.pl\/wp-content\/uploads\/2020\/06\/flok_opak_07.jpg?strip=info&#038;w=900 900w,http:\/\/flokfw.pl\/wp-content\/uploads\/2020\/06\/flok_opak_07.jpg?strip=info&#038;w=1200 1200w,http:\/\/flokfw.pl\/wp-content\/uploads\/2020\/06\/flok_opak_07.jpg?strip=info&#038;w=1500 1500w,http:\/\/flokfw.pl\/wp-content\/uploads\/2020\/06\/flok_opak_07.jpg?strip=info&#038;w=1800 1800w,http:\/\/flokfw.pl\/wp-content\/uploads\/2020\/06\/flok_opak_07.jpg?strip=info&#038;w=1920 1920w\" alt=\"\" data-height=\"1080\" data-id=\"859\" data-link=\"http:\/\/flokfw.pl\/flok_opak_07\/\" data-url=\"http:\/\/flokfw.pl\/wp-content\/uploads\/2020\/06\/flok_opak_07.jpg\" data-width=\"1920\" src=\"http:\/\/flokfw.pl\/wp-content\/uploads\/2020\/06\/flok_opak_07.jpg\"\/><\/figure><\/div><div class=\"tiled-gallery__col\"><figure class=\"tiled-gallery__item\"><img decoding=\"async\" srcset=\"http:\/\/flokfw.pl\/wp-content\/uploads\/2020\/06\/flok_opak_05.jpg?strip=info&#038;w=600 600w,http:\/\/flokfw.pl\/wp-content\/uploads\/2020\/06\/flok_opak_05.jpg?strip=info&#038;w=900 900w,http:\/\/flokfw.pl\/wp-content\/uploads\/2020\/06\/flok_opak_05.jpg?strip=info&#038;w=1200 1200w,http:\/\/flokfw.pl\/wp-content\/uploads\/2020\/06\/flok_opak_05.jpg?strip=info&#038;w=1500 1500w,http:\/\/flokfw.pl\/wp-content\/uploads\/2020\/06\/flok_opak_05.jpg?strip=info&#038;w=1800 1800w,http:\/\/flokfw.pl\/wp-content\/uploads\/2020\/06\/flok_opak_05.jpg?strip=info&#038;w=1920 1920w\" alt=\"\" data-height=\"1080\" data-id=\"857\" data-link=\"http:\/\/flokfw.pl\/flok_opak_05\/\" data-url=\"http:\/\/flokfw.pl\/wp-content\/uploads\/2020\/06\/flok_opak_05.jpg\" data-width=\"1920\" src=\"http:\/\/flokfw.pl\/wp-content\/uploads\/2020\/06\/flok_opak_05.jpg\"\/><\/figure><\/div><\/div><\/div><\/div>\n","protected":false},"excerpt":{"rendered":"<div class=\"entry-summary\">\nOferujemy kompleksowe wytwarzanie element\u00f3w z r\u00f3\u017cnych typ\u00f3w g\u0105bki\/pianki, wraz z jej ci\u0119ciem i flokowaniem. Mamy mo\u017cliwo\u015b\u0107 ci\u0119cia laserem CO2 oraz&hellip;\n<\/div>\n<div class=\"link-more\"><a href=\"https:\/\/www.flokfw.pl\/?page_id=730\" class=\"more-link\">Continue reading<span class=\"screen-reader-text\"> &ldquo;PIANKA \/ G\u0104BKA&rdquo;<\/span>&hellip;<\/a><\/div>\n","protected":false},"author":1,"featured_media":901,"parent":0,"menu_order":0,"comment_status":"closed","ping_status":"closed","template":"","meta":{"_acf_changed":false,"footnotes":""},"class_list":["post-730","page","type-page","status-publish","has-post-thumbnail","hentry","entry"],"acf":[],"jetpack_sharing_enabled":true,"_links":{"self":[{"href":"https:\/\/www.flokfw.pl\/index.php?rest_route=\/wp\/v2\/pages\/730","targetHints":{"allow":["GET"]}}],"collection":[{"href":"https:\/\/www.flokfw.pl\/index.php?rest_route=\/wp\/v2\/pages"}],"about":[{"href":"https:\/\/www.flokfw.pl\/index.php?rest_route=\/wp\/v2\/types\/page"}],"author":[{"embeddable":true,"href":"https:\/\/www.flokfw.pl\/index.php?rest_route=\/wp\/v2\/users\/1"}],"replies":[{"embeddable":true,"href":"https:\/\/www.flokfw.pl\/index.php?rest_route=%2Fwp%2Fv2%2Fcomments&post=730"}],"version-history":[{"count":4,"href":"https:\/\/www.flokfw.pl\/index.php?rest_route=\/wp\/v2\/pages\/730\/revisions"}],"predecessor-version":[{"id":990,"href":"https:\/\/www.flokfw.pl\/index.php?rest_route=\/wp\/v2\/pages\/730\/revisions\/990"}],"wp:featuredmedia":[{"embeddable":true,"href":"https:\/\/www.flokfw.pl\/index.php?rest_route=\/wp\/v2\/media\/901"}],"wp:attachment":[{"href":"https:\/\/www.flokfw.pl\/index.php?rest_route=%2Fwp%2Fv2%2Fmedia&parent=730"}],"curies":[{"name":"wp","href":"https:\/\/api.w.org\/{rel}","templated":true}]}}